{"id":152,"date":"2023-07-08T17:49:35","date_gmt":"2023-07-08T15:49:35","guid":{"rendered":"https:\/\/astridleclere-avocat.com\/?page_id=152"},"modified":"2023-11-07T14:19:47","modified_gmt":"2023-11-07T13:19:47","slug":"droit-immobilier-et-de-la-construction","status":"publish","type":"page","link":"https:\/\/astridleclere-avocat.com\/index.php\/droit-immobilier-et-de-la-construction\/","title":{"rendered":"Droit immobilier\u00a0et de la construction"},"content":{"rendered":"\n<div class=\"wp-block-cover alignfull is-light\" style=\"min-height:441px;aspect-ratio:unset;\"><span aria-hidden=\"true\" class=\"wp-block-cover__background has-background-dim-20 has-background-dim\"><\/span><img loading=\"lazy\" decoding=\"async\" width=\"2560\" height=\"1922\" class=\"wp-block-cover__image-background wp-image-155\" alt=\"\" src=\"https:\/\/astridleclere-avocat.com\/wp-content\/uploads\/2023\/07\/tierra-mallorca-rgJ1J8SDEAY-unsplash-scaled.jpg\" style=\"object-position:51% 65%\" data-object-fit=\"cover\" data-object-position=\"51% 65%\" srcset=\"https:\/\/astridleclere-avocat.com\/wp-content\/uploads\/2023\/07\/tierra-mallorca-rgJ1J8SDEAY-unsplash-scaled.jpg 2560w, https:\/\/astridleclere-avocat.com\/wp-content\/uploads\/2023\/07\/tierra-mallorca-rgJ1J8SDEAY-unsplash-300x225.jpg 300w, https:\/\/astridleclere-avocat.com\/wp-content\/uploads\/2023\/07\/tierra-mallorca-rgJ1J8SDEAY-unsplash-1024x769.jpg 1024w, https:\/\/astridleclere-avocat.com\/wp-content\/uploads\/2023\/07\/tierra-mallorca-rgJ1J8SDEAY-unsplash-768x577.jpg 768w, https:\/\/astridleclere-avocat.com\/wp-content\/uploads\/2023\/07\/tierra-mallorca-rgJ1J8SDEAY-unsplash-1536x1153.jpg 1536w, https:\/\/astridleclere-avocat.com\/wp-content\/uploads\/2023\/07\/tierra-mallorca-rgJ1J8SDEAY-unsplash-2048x1538.jpg 2048w\" sizes=\"auto, (max-width: 2560px) 100vw, 2560px\" \/><div class=\"wp-block-cover__inner-container is-layout-flow wp-block-cover-is-layout-flow\">\n<h1 class=\"wp-block-heading alignwide has-text-align-center has-white-color has-text-color\" style=\"font-size:40px\">Droit immobilier&nbsp;et de la construction<\/h1>\n<\/div><\/div>\n\n\n\n<div style=\"height:50px\" aria-hidden=\"true\" class=\"wp-block-spacer\"><\/div>\n\n\n\n<div class=\"wp-block-columns is-layout-flex wp-container-core-columns-is-layout-9d6595d7 wp-block-columns-is-layout-flex\">\n<div class=\"wp-block-column is-layout-flow wp-block-column-is-layout-flow\" style=\"flex-basis:10px\"><\/div>\n\n\n\n<div class=\"wp-block-column is-layout-flow wp-block-column-is-layout-flow\">\n<p class=\"has-medium-font-size\"><strong>Le droit immobilier est un domaine tr\u00e8s vaste qui r\u00e9git les probl\u00e9matiques li\u00e9es aux biens immobiliers. Maitre LECLERE vous accompagne<\/strong> <strong>dans cette mati\u00e8re, de fa\u00e7on non-exhaustive<\/strong>:<\/p>\n\n\n\n<ul class=\"has-medium-font-size wp-block-list\">\n<li class=\"has-medium-font-size\"><em>Vous souhaitez acheter ou vendre un bien immobilier<\/em> ; <\/li>\n\n\n\n<li class=\"has-medium-font-size\"><em>Vous avez besoin d&#8217;un bail de r\u00e9sidence principal conforme qui respecte la l\u00e9gislation, un bail commercial ou encore un bail de colocation ; <\/em><\/li>\n\n\n\n<li class=\"has-medium-font-size\"><em>Des malfa\u00e7ons impactent votre construction en tant que maitre d&#8217;ouvrage<\/em> ;<\/li>\n\n\n\n<li class=\"has-medium-font-size\"><em>Vous contestez les d\u00e9comptes r\u00e9alis\u00e9s par les diff\u00e9rents corps de m\u00e9tier ; <\/em><\/li>\n\n\n\n<li class=\"has-medium-font-size\"><em>Votre entrepreneur principal a fait faillite; <\/em><\/li>\n\n\n\n<li class=\"has-medium-font-size\"><em>Vous avez achet\u00e9 un appartement et celui-ci est vici\u00e9 (vices cach\u00e9s<\/em>) ; <\/li>\n\n\n\n<li class=\"has-medium-font-size\"><em>Vous \u00eates entrepreneur et votre client ne veut pas vous payer, ou conteste le respect des r\u00e8gles de l&#8217;art<\/em> ;<\/li>\n\n\n\n<li class=\"has-medium-font-size\">(&#8230;)<\/li>\n<\/ul>\n\n\n\n<p class=\"has-medium-font-size\">Maitre LECLERE peut vous conseiller et vous aider. N&#8217;h\u00e9sitez pas \u00e0 la contacter afin de prendre rendez-vous, \u00e0 Neupr\u00e9 ou \u00e0 Seraing. <\/p>\n<\/div>\n\n\n\n<div class=\"wp-block-column is-layout-flow wp-block-column-is-layout-flow\" style=\"flex-basis:7px\"><\/div>\n<\/div>\n\n\n\n<p> <\/p>\n\n\n\n<p><\/p>\n\n\n\n<p><\/p>\n\n\n\n<p class=\"has-text-align-center has-large-font-size\">Autres Mati\u00e8res <\/p>\n\n\n\n<p><\/p>\n\n\n\n<div class=\"wp-block-columns alignwide is-layout-flex wp-container-core-columns-is-layout-829b1d53 wp-block-columns-is-layout-flex\" style=\"margin-bottom:0\">\n<div class=\"wp-block-column has-text-color has-background has-link-color wp-elements-615583340744cb73cae717b909b43f03 is-layout-flow wp-block-column-is-layout-flow\" style=\"color:#000000;background-color:#b86c6e;padding-top:2em;padding-right:2em;padding-bottom:2em;padding-left:2em\">\n<h2 class=\"wp-block-heading has-text-align-center has-white-color has-text-color\" id=\"single\" style=\"font-size:40px\"><strong>Droit commercial<\/strong><\/h2>\n\n\n\n<hr class=\"wp-block-separator has-text-color has-css-opacity has-background is-style-wide\" style=\"background-color:#000000;color:#000000\"\/>\n\n\n\n<div class=\"wp-block-buttons alignfull is-horizontal is-content-justification-center is-layout-flex wp-container-core-buttons-is-layout-499968f5 wp-block-buttons-is-layout-flex\">\n<div class=\"wp-block-button has-custom-width wp-block-button__width-75\"><a class=\"wp-block-button__link has-white-color has-text-color has-background no-border-radius wp-element-button\" href=\"https:\/\/astridleclere-avocat.com\/index.php\/droit-commercial\/\" style=\"background-color:#000000\">En savoir plus <\/a><\/div>\n<\/div>\n<\/div>\n\n\n\n<div class=\"wp-block-column has-text-color has-background has-link-color wp-elements-36604da85ea934bbba7fe4ee7287469a is-layout-flow wp-block-column-is-layout-flow\" style=\"color:#000000;background-color:#d1d1e1;padding-top:2em;padding-right:2em;padding-bottom:2em;padding-left:2em\">\n<h2 class=\"wp-block-heading has-text-align-center has-white-color has-text-color\" id=\"family\" style=\"font-size:40px\"><strong><strong>Protection de la vie priv\u00e9e et respect du R.G.P.D.<\/strong><\/strong><\/h2>\n\n\n\n<hr class=\"wp-block-separator has-css-opacity is-style-wide\"\/>\n\n\n\n<div class=\"wp-block-buttons alignfull is-horizontal is-content-justification-center is-layout-flex wp-container-core-buttons-is-layout-499968f5 wp-block-buttons-is-layout-flex\">\n<div class=\"wp-block-button has-custom-width wp-block-button__width-75 is-style-fill\"><a class=\"wp-block-button__link has-white-color has-text-color has-background no-border-radius wp-element-button\" href=\"https:\/\/astridleclere-avocat.com\/index.php\/protection-de-la-vie-privee-et-respect-du-r-g-p-d\/\" style=\"background-color:#000000\">En savoir plus<\/a><\/div>\n<\/div>\n<\/div>\n\n\n\n<div class=\"wp-block-column has-text-color has-background has-link-color wp-elements-ad975152935d9876d4e6b178d91605e3 is-layout-flow wp-block-column-is-layout-flow\" style=\"color:#000000;background-color:#b86c6e;padding-top:2em;padding-right:2em;padding-bottom:2em;padding-left:2em\">\n<h2 class=\"wp-block-heading has-text-align-center has-white-color has-text-color\" id=\"patron\" style=\"font-size:40px\"><strong>Droit de la circulation routi\u00e8re<\/strong><\/h2>\n\n\n\n<hr class=\"wp-block-separator has-css-opacity is-style-wide\"\/>\n\n\n\n<div class=\"wp-block-buttons alignfull is-horizontal is-content-justification-center is-layout-flex wp-container-core-buttons-is-layout-499968f5 wp-block-buttons-is-layout-flex\">\n<div class=\"wp-block-button has-custom-width wp-block-button__width-75\"><a class=\"wp-block-button__link has-white-color has-text-color has-background no-border-radius wp-element-button\" href=\"https:\/\/astridleclere-avocat.com\/index.php\/droit-de-la-circulation-routiere\/\" style=\"background-color:#000000\">En savoir plus<\/a><\/div>\n<\/div>\n<\/div>\n<\/div>\n","protected":false},"excerpt":{"rendered":"<p>Le droit immobilier est un domaine tr\u00e8s vaste qui r\u00e9git les probl\u00e9matiques li\u00e9es aux biens immobiliers. Maitre LECLERE vous accompagne dans cette mati\u00e8re, de fa\u00e7on non-exhaustive: Maitre LECLERE peut vous conseiller et vous aider. N&#8217;h\u00e9sitez pas \u00e0 la contacter afin de prendre rendez-vous, \u00e0 Neupr\u00e9 ou \u00e0 Seraing. Autres Mati\u00e8res Droit commercial Protection de la [&hellip;]<\/p>\n","protected":false},"author":1,"featured_media":0,"parent":0,"menu_order":0,"comment_status":"closed","ping_status":"closed","template":"","meta":{"footnotes":""},"class_list":["post-152","page","type-page","status-publish","hentry","entry"],"_links":{"self":[{"href":"https:\/\/astridleclere-avocat.com\/index.php\/wp-json\/wp\/v2\/pages\/152","targetHints":{"allow":["GET"]}}],"collection":[{"href":"https:\/\/astridleclere-avocat.com\/index.php\/wp-json\/wp\/v2\/pages"}],"about":[{"href":"https:\/\/astridleclere-avocat.com\/index.php\/wp-json\/wp\/v2\/types\/page"}],"author":[{"embeddable":true,"href":"https:\/\/astridleclere-avocat.com\/index.php\/wp-json\/wp\/v2\/users\/1"}],"replies":[{"embeddable":true,"href":"https:\/\/astridleclere-avocat.com\/index.php\/wp-json\/wp\/v2\/comments?post=152"}],"version-history":[{"count":17,"href":"https:\/\/astridleclere-avocat.com\/index.php\/wp-json\/wp\/v2\/pages\/152\/revisions"}],"predecessor-version":[{"id":232,"href":"https:\/\/astridleclere-avocat.com\/index.php\/wp-json\/wp\/v2\/pages\/152\/revisions\/232"}],"wp:attachment":[{"href":"https:\/\/astridleclere-avocat.com\/index.php\/wp-json\/wp\/v2\/media?parent=152"}],"curies":[{"name":"wp","href":"https:\/\/api.w.org\/{rel}","templated":true}]}}